 2*v. Suppose v*n - 7*n + 415 = 0. What is the tens digit of n?
8
Let s(f) = -44*f - 59. Suppose -3*q + 0*w - 31 = 5*w, 2*q + 3*w = -20. What is the hundreds digit of s(q)?
2
Let t(x) = -4*x + 3*x**2 + 6*x**3 - 12*x**3 + 3*x + 3*x. What is the units digit of t(-3)?
3
Suppose 5*v + 9518 + 5290 = 4*w, -v = -4*w + 14792. What is the hundreds digit of w?
6
Let f be 13/(-3) - (-3)/9. Let n be -1*1 - 36/f. Let q = n + -7. What is the units digit of q?
1
Suppose 4*z - 5*a = 49, 0 = 5*z - 7*z + 3*a + 27. Suppose -2*d + 5*v = -d - 14, -d - z = 5*v. What is the tens digit of d/22 + (-1050)/(-33)?
3
Let l = -20 + 22. Suppose l*n + 5*m + 19 = -0*n, -5*n - 5*m = 25. Let p = 6 - n. What is the units digit of p?
8
Let s = -926 - -1688. What is the tens digit of s?
6
Let g = 1082 + 140. What is the hundreds digit of g?
2
Let j(i) be the first derivative of -i**3/3 - 11*i**2/2 + 27*i + 18. What is the tens digit of j(-10)?
3
Let p = 96 + -94. Suppose -3*m - p*l = -537 + 98, 5 = l. What is the tens digit of m?
4
Suppose 0*j - 12 = 4*j. Suppose 2*r - 50 = 4*w, 5*w - 14 = -r + 32. Let t = r + j. What is the tens digit of t?
2
Let w(s) = 4*s - 16. Let a be w(8). Suppose 12 = y + 7. Suppose 4*g = -a, y*g - 28 = -3*v + 57. What is the tens digit of v?
3
Let x(o) = 21*o**2 - o + 16. What is the tens digit of x(4)?
4
Let m(r) = r**3 - 8*r**2 - 12*r - 12. Let j be m(9). Let p(s) = -12*s + 8. Let b be p(6). Let a = j - b. What is the tens digit of a?
2
Suppose -5*a - 4*x - 144 = 156, 2*a - 2*x + 102 = 0. Suppose -13 = -5*j - 78. Let g = j - a. What is the tens digit of g?
4
Let c(j) = 164*j - 50. What is the units digit of c(6)?
4
Suppose 3 = -k - 36. Let z = k - -67. What is the units digit of z?
8
Let h be (50/(-35))/(1/(-14)). Let l be 32/20 + (-2)/(-5). Suppose 14 = 5*p - 2*v - l, -4*p = -4*v - h. What is the units digit of p?
2
Suppose 2*t - 218 + 42 = 0. Let j = 15 - 7. What is the tens digit of t/j - 0/1?
1
Suppose 0 = -3*q + 3*b, 5*b + 35 = -4*q - 1. Let o(f) = -20*f - 22. What is the units digit of o(q)?
8
Let q(p) = 10*p**2 + 2*p - 2. Suppose -c = 5*h + 22, 2 = -3*h - 5*c + 10*c. What is the hundreds digit of q(h)?
1
Let h be 3/((-2)/((-20)/3)). Let g = -60 - -59. What is the units digit of (h/(-20))/(g/20)?
0
Suppose -2*r + 484 = -w, 2*w = -3*w. What is the tens digit of r?
4
Let y(i) = -i**2 + 18*i + 9. Let d be y(10). Suppose 0*f - d = 5*q - f, 2*f + 2 = 0. What is the units digit of (-30)/(-4)*q/(-15)?
9
Suppose 3020 = 5*n + 5*n. Let v = n - 191. What is the hundreds digit of v?
1
What is the units digit of 10/15*1746/12?
7
Suppose -12 = 3*m, -4*w - 5*m + 3553 + 5879 = 0. What is the tens digit of w?
6
Let p = -40 + 66. Suppose 0 = 4*i - 5*y + 57, 4*i - 3*i + 6 = 4*y. Let u = p + i. What is the units digit of u?
8
Suppose 16 = 5*d + 6. Let w = -3 - -8. Suppose 85 + 104 = w*c - d*t, -6 = 3*t. What is the units digit of c?
7
Suppose -2 - 4 = -2*m. Suppose 3*p - 261 = 4*r, -m*p = -2*p - 5*r - 87. Suppose 0 = 5*y - j + 5*j - p, 2*y - 24 = 2*j. What is the tens digit of y?
1
Suppose 4*s - c + 9 = 61, 2*s = 3*c + 36. Let b(p) = -p**3 + 13*p**2 + 6*p - 16. What is the units digit of b(s)?
0
Let t = 0 - 2. Let q(h) be the second derivative of h**4/3 - h**2/2 - 2*h - 2. What is the units digit of q(t)?
5
Suppose -98 = -c + 155. What is the hundreds digit of c?
2
Let w(r) = 1667*r + 38. What is the units digit of w(1)?
5
Let q = -28 - -24. Let s be 1356/(-8)*q/6. Suppose -3*m + 87 = -5*j, -4*j = -3*m + s - 23. What is the tens digit of m?
3
Let f be 3/((-12)/(-14))*6. Suppose -3*r = 6 - f. What is the units digit of r?
5
Let l(w) = -52*w**3 + 6*w**2 + 11*w - 2. What is the units digit of l(-2)?
6
Let q = -2 + 12. Let a be 3/(-6) - (-35)/q. Suppose a*i = -5*n + 110 + 105, -2*n - 317 = -5*i. What is the tens digit of i?
6
Suppose r + 5*w - 669 = -0*r, 5*r - 3345 = -4*w. What is the units digit of r?
9
Suppose -p = -3*g + 35, 3*g - 31 = -0*g + 2*p. Let d = 18 - g. Suppose -2*q + d*a + 73 = -0, 2*q = -5*a + 103. What is the units digit of q?
4
Let j(s) = 6*s**2 - s**3 + 4*s - 2*s - 9 + s. What is the units digit of j(6)?
9
What is the units digit of 0 + (-8)/8 + 293?
2
Let n be 109 - (4/(-34) + (-132)/34). Let a = n + -43. What is the tens digit of a?
7
Let w be -3 + 2 - (-1 - -3). What is the units digit of 496/8 - w/(-1)?
9
Let c = 130 - 64. What is the units digit of c/9 - 6/18?
7
Let s = 156 - 79. Suppose 0 = -5*q - 2*m + 240, 2*q + 0*q - 3*m - s = 0. What is the units digit of q?
6
Suppose 7*j - 102 = 10. What is the tens digit of j?
1
Suppose -3*h + 7*h = 36. Suppose -c - h = -13. What is the tens digit of (-964)/(-16) - (-3)/c?
6
Suppose -4*u = -26*m + 25*m + 183, -867 = -5*m + 4*u. What is the units digit of m?
1
Suppose 0 = -6*g + 54 + 18. Suppose 4*w = -g*w + 2240. What is the hundreds digit of w?
1
Suppose 14*f = 59*f - 13455. What is the hundreds digit of f?
2
Let o be -1 - (-3 - -2 - 12). Suppose 0 = -4*p - 0 + o. Suppose -1 + 6 = 2*h - 5*l, -p*l - 12 = -3*h. What is the units digit of h?
5
Suppose 0 = 3*v - 5*z + 8, 0 = -2*v - 5*z - 1 + 29. Suppose 0 = 2*q + 2, -v*q = 5*g - 1167 + 331. What is the hundreds digit of g?
1
Suppose -10*z + 6*z = 0. Let r(p) = -6*p + 0 + p + z. What is the tens digit of r(-6)?
3
Suppose -2 + 18 = 2*g. What is the units digit of 2 - ((-114)/4 + g/16)?
0
Let b = -352 - -1096. Suppose 0 = -3*z - 5*z + b. What is the units digit of z?
3
Let w(y) = 206*y**2 - 69*y + 16. What is the thousands digit of w(-4)?
3
Let t(y) = -2*y + 4. Let r be t(-4). Suppose 2*p + 9 = -13. Let n = p + r. What is the units digit of n?
1
Let i(m) = 6*m**2 - 31*m - 317. What is the tens digit of i(-10)?
9
Suppose 76*z = 5*l + 74*z - 3160, z = 5. What is the hundreds digit of l?
6
Let w(m) = -7*m**3 + 4*m + 14. What is the units digit of w(-4)?
6
Let r(h) = -h**2 - 6*h + 1. Let n be r(-7). Let m be 9/n*(-464)/12. Suppose -22 = -5*b + m. What is the units digit of b?
6
Let l(a) = 134*a - 102. What is the thousands digit of l(14)?
1
Let t(x) = x**2 + 10*x + 10. Let a be t(-9). Suppose 2*u - u = -a. Let h = 26 + u. What is the units digit of h?
5
Let p(y) = -y**3 - 3*y**2 + 5*y + 6. Let w be p(-4). Suppose -2*o + 126 = w*x - 208, -5*x + 3*o = -859. What is the hundreds digit of x?
1
Suppose -l + 827 = -63. What is the hundreds digit of l?
8
Suppose 2*d + 3*y - 182 = -44, -152 = -2*d + 4*y. What is the units digit of d?
2
Suppose -14*i + 15*i = 54. Let x = -28 + i. What is the units digit of x?
6
Let p be (24/14)/((-10)/(-35)). Suppose -4*t = -3*u - 336, 5*u - t + 577 = -0*t. What is the tens digit of u/(-6)*(-3 + p)?
5
Suppose 4*s - 82 = 14. Suppose p + p = s. What is the tens digit of (27/6 + -1)*p?
4
Let c = -63 + 226. Let g = c - 37. What is the units digit of g?
6
Suppose 4*t + 3*w - 8701 = 0, 0 = 4*t + 7*w - 2*w - 8707. What is the units digit of t?
3
Suppose -3*d + 15 = 0, -2*d + 2771 = 2*w + d. What is the tens digit of w?
7
Let u = 2112 + -1143. What is the hundreds digit of u?
9
Suppose -3*v + 111 = 3*m, 0 = -3*v + 2*v + 3*m + 29. Suppose 4*u - 78 = 154. Let p = u - v. What is the tens digit of p?
2
Let z(d) = -13*d - 10 + 10 - 15 - 9. What is the units digit of z(-8)?
0
Let z(p) = -p**2 + 27*p - 26. What is the tens digit of z(18)?
3
Let y(m) = -8*m + 12. Let k be y(-11). Suppose -35 = 5*v + k. Let p = -18 - v. What is the units digit of p?
9
Suppose b - s = 87, -b + 3*s + 107 = -2*s. Suppose 0 = 2*i + 4*o + o - 135, o + 215 = 4*i. Let n = b - i. What is the tens digit of n?
2
Let c(j) = j**2 + 2*j. Let h be c(-3). Suppose h*y + 2*u - 10 = 2*y, 0 = -2*y - u + 5. Suppose y*s = -4*s + 28. What is the units digit of s?
7
Suppose 2*n + 4*d - 25 = -1, n - d - 3 = 0. Suppose n - 14 = -2*s. What is the units digit of s?
4
Suppose 2*j - 113 = 109. Suppose 3*c - j + 33 = 0. What is the units digit of c?
6
Let z = -38 - -40. Suppose -a - g = -61, 3*a - 5*g - 61 = z*a. What is the units digit of a?
1
Let g be ((-5)/(-20))/((-1)/(-4)). Suppose -4*h - g = -5*h. What is the units digit of h?
1
Let w(r) = r**3 - 6*r**2 + 3*r + 7. Suppose -4*j - 65 = -3*g, 18 = 5*j - 2. Let b = g + -21. What is the tens digit of w(b)?
2
Let q(u) = -u**2 - 9*u + 19. Let m(v) = -v**3 + 12*v**2 + v - 22. Let r be m(12). What is the units digit of q(r)?
9
Let y(n) = -n**3 - 6*n**2 -